lse
Is 51169 composite?
False
Is 112687 a composite number?
False
Is 18661 composite?
False
Is 11599 prime?
False
Is 186841 a composite number?
False
Is 32033 a prime number?
False
Is 2195 prime?
False
Is 36037 a composite number?
False
Is 170633 composite?
False
Is 3659 prime?
True
Is 1408523 prime?
True
Is 36313 a prime number?
True
Is 40141 a prime number?
False
Is 11807 a composite number?
False
Is 11113 a prime number?
True
Is 1024477 composite?
False
Is 28333 a prime number?
False
Is 171023 a prime number?
True
Is 7183 a composite number?
True
Is 23969 a prime number?
False
Is 1934099 a composite number?
False
Is 4610147 prime?
True
Is 106619 a prime number?
True
Is 97043 a prime number?
False
Is 809 a composite number?
False
Is 422 composite?
True
Is 276941 a prime number?
False
Is 2389447 a composite number?
True
Is 286333 prime?
True
Is 3763537 prime?
True
Is 248221 prime?
False
Is 43151 prime?
True
Is 1804199 a composite number?
False
Is 385039 a prime number?
True
Is 45061 a prime number?
True
Is 534043 composite?
False
Is 1155527 composite?
False
Is 639569 composite?
True
Is 6113 a prime number?
True
Is 17851 prime?
True
Is 11545 composite?
True
Is 10169 prime?
True
Is 125863 composite?
False
Is 802799 prime?
True
Is 1108297 a composite number?
True
Is 359291 a composite number?
False
Is 1469141 prime?
True
Is 273697 composite?
False
Is 20849 a prime number?
True
Is 3022601 prime?
True
Is 25523 a composite number?
False
Is 1318241 a prime number?
True
Is 7513 prime?
False
Is 8191 a prime number?
True
Is 24499 a composite number?
False
Is 1705241 a composite number?
False
Is 1289921 composite?
False
Is 7517 a prime number?
True
Is 6458 composite?
True
Is 691195 a prime number?
False
Is 9893 composite?
True
Is 10847 prime?
True
Is 19939 composite?
True
Is 9299 prime?
False
Is 61949 prime?
True
Is 34913 prime?
True
Is 24337 prime?
True
Is 5003 composite?
False
Is 192857 a composite number?
True
Is 9491 a prime number?
True
Is 10171 a composite number?
True
Is 99287 a prime number?
False
Is 10037 a composite number?
False
Is 1590023 prime?
False
Is 199961 prime?
True
Is 36103 composite?
True
Is 22811 prime?
True
Is 174019 composite?
False
Is 2584457 composite?
False
Is 3291697 a composite number?
True
Is 11027 a prime number?
True
Is 7711 composite?
True
Is 76753 composite?
False
Is 200501 a prime number?
False
Is 7061 prime?
False
Is 461551 a prime number?
False
Is 175577 composite?
True
Is 3359 a composite number?
False
Is 158959 a prime number?
True
Is 155861 prime?
True
Is 19289 prime?
True
Is 566363 prime?
False
Is 384349 a composite number?
True
Is 74353 a composite number?
False
Is 47251 a prime number?
True
Is 1619 a composite number?
False
Is 17311 a prime number?
False
Is 30181 a prime number?
True
Is 21139 a prime number?
True
Is 3989 composite?
False
Is 1099 composite?
True
Is 4201 a composite number?
False
Is 18583 prime?
True
Is 1819 prime?
False
Is 5077 a prime number?
True
Is 33 a prime number?
False
Is 9155 a composite number?
True
Is 21557 a prime number?
True
Is 1524763 composite?
False
Is 3017 prime?
False
Is 26459 a prime number?
True
Is 5557 a prime number?
True
Is 1595117 prime?
True
Is 42281 a prime number?
True
Is 24407 prime?
True
Is 155959 composite?
True
Is 20287 composite?
False
Is 1865 composite?
True
Is 20161 a prime number?
True
Is 147647 a composite number?
False
Is 267781 prime?
True
Is 313953 a prime number?
False
Is 11017 a composite number?
True
Is 5779 a prime number?
True
Is 472741 a prime number?
True
Is 24445 composite?
True
Is 7063 a composite number?
True
Is 11965 a prime number?
False
Is 3217 prime?
True
Is 399005 prime?
False
Is 604517 a prime number?
True
Is 81727 composite?
False
Is 496871 a prime number?
True
Is 54217 prime?
True
Is 43735 prime?
False
Is 13507 a composite number?
True
Is 446821 a composite number?
True
Is 30565 prime?
False
Is 94421 a composite number?
False
Is 12001 composite?
True
Is 29901 a prime number?
False
Is 655507 a prime number?
True
Is 384983 a composite number?
True
Is 16871 a composite number?
False
Is 40773 composite?
True
Is 312161 composite?
False
Is 249181 prime?
True
Is 163601 a composite number?
False
Is 7151 prime?
True
Is 18059 prime?
True
Is 2491 a prime number?
False
Is 4279 a composite number?
True
Is 20317 composite?
True
Is 26933 a prime number?
False
Is 279683 composite?
True
Is 171335 a composite number?
True
Is 35501 composite?
True
Is 806501 a prime number?
False
Is 81071 a composite number?
False
Is 86311 a prime number?
True
Is 856397 composite?
True
Is 515951 a prime number?
True
Is 3691 a prime number?
True
Is 82651 prime?
True
Is 409571 a composite number?
True
Is 2161 a prime number?
True
Is 4987 a composite number?
False
Is 162871 composite?
True
Is 618089 a prime number?
False
Is 303967 prime?
False
Is 24749 a prime number?
True
Is 66909 a prime number?
False
Is 20017 composite?
True
Is 10129 a composite number?
True
Is 1261 a composite number?
True
Is 4861 a prime number?
True
Is 631 composite?
False
Is 451849 prime?
False
Is 642794 prime?
False
Is 185023 composite?
True
Is 224477 composite?
True
Is 724541 composite?
True
Is 8587 composite?
True
Is 556441 a prime number?
True
Is 100403 composite?
False
Is 3797 prime?
True
Is 2167 composite?
True
Is 1637 composite?
False
Is 710143 a composite number?
True
Is 647939 a prime number?
False
Is 72421 prime?
True
Is 51263 prime?
True
Is 140159 composite?
False
Is 23801 prime?
True
Is 41009 a composite number?
True
Is 1400627 prime?
True
Is 43678 composite?
True
Is 124897 composite?
False
Is 47939 a prime number?
True
Is 92459 a prime number?
True
Is 23597 a composite number?
True
Is 3659 a composite number?
False
Is 9391 a prime number?
True
Is 1735 prime?
False
Is 716161 prime?
True
Is 1273 a prime number?
False
Is 3028327 a composite number?
True
Is 96427 composite?
True
Is 14591 composite?
False
Is 15989 prime?
False
Is 4861 a prime number?
True
Is 484439 a prime number?
True
Is 280757 a prime number?
False
Is 905951 prime?
True
Is 181255 a composite number?
True
Is 82753 a prime number?
False
Is 855031 prime?
True
Is 7753 a prime number?
True
Is 824437 composite?
False
Is 20323 a composite number?
False
Is 17219 composite?
True
Is 86269 a composite number?
False
Is 75323 a prime number?
True
Is 130577 a composite number?
True
Is 1558213 composite?
False
Is 2079439 composite?
True
Is 795439 a prime number?
False
Is 5147 composite?
False
Is 5585 prime?
False
Is 200569 a prime number?
True
Is 7997 a composite number?
True
Is 25523 composite?
False
Is 17011 prime?
True
Is 375353 a composite number?
True
Is 8315 composite?
True
Is 66337 a composite number?
False
Is 9661 prime?
True
Is 91673 a composite number?
False
Is 11197 prime?
True
Is 88211 prime?
True
Is 53147 a composite number?
False
Is 36133 prime?
False
Is 341819 a composite number?
True
Is 12581 a composite number?
True
Is 29243 a composite number?
False
Is 817997 prime?
False
Is 72379 prime?
True
Is 201389 prime?
True
Is 451567 a prime number?
False
Is 1078451 a prime number?
False
Is 157717 prime?
False
Is 4763809 a composite number?
False
Is 491989 composite?
True
Is 370583 a prime number?
False
Is 42739 a composite number?
True
Is 5899 prime?
False
Is 2630423 a composite number?
False
Is 213337 composite?
False
Is 80879 a prime number?
False
Is 14969 composite?
False
Is 11197 a composite number?
False
Is 145087 a prime number?
False
Is 187 composite?
True
Is 165203 prime?
True
Is 148094 a composite number?
True
Is 12197 a prime number?
True
Is 199931 prime?
True
Is 13549 a prime number?
False
Is 33574 composite?
True
Is 5951 a composite number?
True
Is 448451 a prime number?
True
Is 19511 a composite number?
True
Is 49591 a composite number?
True
Is 8065 prime?
False
Is 67909 a composite number?
True
Is 914279 composite?
False
Is 12713 composite?
False
Is 463 composite?
False
Is 98597 a composite number?
False
Is 17237 a composite number?
True
Is 150355 composite?
True
Is 39029 a prime number?
False
Is 1331207 prime?
True
Is 13367 prime?
True
Is 670162 a prime number?
False
Is 33107 prime?
True
Is 157 prime?
True
Is 774653 composite?
True
Is 16249 a composite number?
False
Is 63977 a prime number?
True
Is 14843 composite?